41 + -13 - 21) + (0 - (-5 + 0))?
12
Evaluate 60 + (17 - -9 - (-2 - (19 - 30))).
77
Calculate 0 + 23 + 0 + (926 - 939) - 48.
-38
Calculate 32 + 22 + -13 + -3 + 6 + -11 + 10.
43
What is (8 - 6) + (22 - 8) - ((17 - -134) + -9)?
-126
(32 - -22) + -41 + 2 + (5 - -34)
54
31 + -357 + 318 - (-1 - (-1 - -10))
2
Evaluate -2 - 79 - (-16 - (23 + -8 - 22)).
-72
What is the value of -10 + -2 + (42 - (35 - -4)) - -8?
-1
Calculate -81 + 38 + 52 + (-2 - (2 + -34 + 1)).
38
(-2 - 3) + (6 - (-38 - -28)) - (66 - -1)
-56
Calculate -62 - (-45 - -24) - 8 - -34.
-15
Evaluate 44 + (770 - 782 - (0 + -7)).
39
Evaluate 9 + 0 + (-8 - (-9 - 6)) + -53.
-37
Calculate -3 + -13 + 2 + 125 + (20 - (6 - 0)).
125
54 - (-11 + 24 + -1)
42
(-35 + 41 - (32 - -2 - -7)) + 1
-34
32 - (-55 - -86) - -44
45
What is (-42 - 19 - 7) + 13 + -21 + -9?
-85
Evaluate 113608 + -113589 + -2 + 2 + -1 + 0 + 7.
25
What is the value of (-15 - -2) + 4 - -3 - (108 - 92)?
-22
Calculate (903 - 900) + -1 + 1 + -31 - (-3 - 0).
-25
Calculate -16 + (118 - 139 - (3 - 10)).
-30
What is 14 - (-5 - (115 - 62))?
72
What is the value of 0 + 1 + -51 + 128 + 20 - 14?
84
What is 67 + -146 + 41 - -23?
-15
What is the value of -13 - (23 + (-58 + 29 - 5))?
-2
Calculate 43 - (-26 - -47) - 19.
3
What is the value of 68 + (4 - 80) + (1 + 51 - (-1 + 3))?
42
7 + (6 + 4 + -2 + -4 - -6 - -38)
55
Calculate 84 + -95 - (91 + -78).
-24
149 - (0 - -8 - (-85 - -57))
113
Calculate -36 - 2 - (-199 + 186 - (0 - 15) - 5).
-35
(-1 - 15 - (62 + -67)) + -4 + (5 - 4)
-14
Calculate -36 - -46 - (-127 - -66).
71
What is the value of -2 + (-30 + 7 - 9) + 12?
-22
(4 - 43) + 20 + 11 + -31
-39
What is (1 - (0 + -102)) + -1369 + 1352?
86
266 + -269 + 2 + 7
6
What is -44 + 12 + -11 + 24 + -20?
-39
Evaluate 7 + 24 + 55 + -94.
-8
What is -2 + -4 + 11 + (-25 - -29) + -63 + 7?
-47
Evaluate 6 + (-6 + 14 - (-14 + -1) - 14).
15
-57 + (8 - -61) - (3 + 80)
-71
Calculate (7 + 3 - (43 - 28)) + 55.
50
What is 2 + (8 - 3) + (1 - 30) + -55 + 56?
-21
Calculate -2 - -51 - (-32 + (18 - 29 - -51)).
41
What is the value of -26 + (-38 - (-10 + 8) - -22)?
-40
What is the value of 16 + -16 + 3 + 10 + 32 - (2 - 10)?
53
What is the value of (-15 - -36) + -35 + 10 + 2 + -1 + -41?
-44
What is -359 - -372 - (6 - (14 - 3))?
18
What is -1 + -1 - (-2 - (-27 + 25 - -31))?
29
(-42 - -13) + 8 + 18 + -19 + 1 + 8
-13
What is the value of (-182 + 58 - -116) + 0 + -18?
-26
703 - 673 - (2 + -9 + -2)
39
What is -6 - 8 - (30 - 21)?
-23
What is 6 + -6 + 4 - 1 - (7 - 41) - 4?
33
What is (11 - -1) + (-129 - -96) - -58?
37
-57 + 0 - ((-53 - -125) + -78)
-51
Evaluate -75 + (-21 - -34 - 21) - -19.
-64
Evaluate -6 + -1 - ((-17 - (-6 + 5)) + 31).
-22
What is 64 - 65 - (4 - (-3 - -48) - 2)?
42
Calculate 12 + (11 - 14) - -20 - (9 + -12).
32
Calculate -15 + (-21 + 7 - -11) + -6 + 9 + -3.
-18
Evaluate (13 - (0 + -4) - (-78 - -71)) + 45.
69
What is (2 - 3 - -38) + -231 + 127 + 99?
32
Calculate -15 - (-2 + (-9 - (-57 + 1 - (390 - 399)))).
-51
-1 + -5 + -99 - ((-10 - -25) + -18 - -14)
-116
Evaluate -15 + 16 + 16 + (-16 - 40).
-39
Calculate 5 - 2 - (-1 - -6) - (-452 + 417).
33
What is the value of (154 - 104 - 57) + (0 + 0 - -41)?
34
What is 9 + -23 - (27 + -81 + 11)?
29
What is -61 - (-14 + -17 + 53) - (0 - 11)?
-72
What is 2 - (47 + -46 - (42 + 2)) - (-5 + 0)?
50
Evaluate -19 - (-1 + -1 - (-8 + -23 + 12 + 8)).
-28
What is the value of -6 - (11 + -27 + 13) - -8?
5
Evaluate 3 - -4 - 12 - (19 + 6 - -6).
-36
Calculate (4 - -4) + 0 + 2 + (-12 + -61 - -120).
57
What is the value of -12 + (7 - 2) + 14 + (10 - 15) + 2?
4
(-28 - -99 - -4) + -37
38
What is 8 - (-98 + 193) - -171?
84
Evaluate -31 + -6 + -2 + (42 - 31) + (3 - 16).
-41
Evaluate (17 - (37 + -19 + -19 - -13)) + 17.
22
Evaluate -26 + 34 + (4 - 30 - -12).
-6
What is the value of -15 - (-3 + 11 + -18) - 18?
-23
Evaluate -40 + (9 - ((19 - (0 + 15)) + -4)).
-31
-48 + -90 + -92 + 168
-62
What is the value of 46 + 42 + (45 - 148)?
-15
Evaluate (-63 - (-65 - -47)) + -21.
-66
What is the value of 3 + 31 + (-34 - (67 - 20))?
-47
What is the value of (12 - -24 - -16) + -21?
31
What is the value of 44 + 86 + -17 + -108?
5
Evaluate -10 + -3 + (-34 - (145 + -83)).
-109
Calculate -34 - -2 - (1 + -2 + 5 + -13 + 8).
-31
What is -52 - ((5 - -15) + (-3 + -12 - -12))?
-69
Calculate 89 - (103 + -66 - -21).
31
Calculate (-1316 - -1310 - (12 + 2)) + (1 - (0 - 1)).
-18
Evaluate 0 + (1 - -6) + -572 + 559 - (-74 + -3).
71
What is -85 + (-7 - (-20 + (19 - 15 - -14)))?
-90
What is -205 + (-78 - -134) + 102?
-47
(-29 - 5) + (-66 - -100)
0
What is the value of 0 + -18 - (-4214 - -4166)?
30
What is the value of -38 + 24 + (-18 - (26 + 10))?
-68
Calculate (26 - 65) + -3 - 43.
-85
Evaluate (0 - 10) + (-30 + 27 + -4 - (-1 - 87)).
71
13 + (6 - 12) + 2 + (75 - 83)
1
Calculate 1 - 0 - 46 - ((-40 - -91) + -49).
-47
Calculate (-37 + (-26 - -53) - (-52 + 0)) + 3.
45
What is 4 + (31 + 11 + -24 - 14) + 7 + 2?
17
Evaluate (25 - (22 - -23) - -5) + -46.
-61
What is -49 + 66 + -98 + 54?
-27
Calculate (14 + 49 - 138) + -20.
-95
What is (124 - (4 + -20)) + 8 + (-11 - 19)?
118
Evaluate (-10 - -120) + (533 - 560).
83
Calculate 4 + (-1 - (2 - 50)) + 3 - (-2 - -5).
51
Evaluate -149 - (27 - (-13 + 110)).
-79
Calculate (-88 - 3) + (331 - 257).
-17
49 + -39 + (5 - (9 + (-8 - 0))) + -9
5
-83 + (-5 - 0) - (-45 + 52 + 15)
-110
29 + (-1 - -31) - 11
48
Calculate 98 + -16 - (78 - -84).
-80
What is -19 + -58 + 180 + -71?
32
What is the value of 3 - (45 - 35) - -25?
18
66 - (3 - (-35 - 5))
23
What is the value of 1 + -99 + 103 + -44?
-39
What is -23 + 1 + 393 + -340 + -13?
18
What is -29 - 2 - (6893 - 6806)?
-118
66 + -7 + 11 + -10 + 13 + -13 + 1
61
-44 + 65 + -10 - (-1 + 1)
11
(5 - (-7 + 17)) + (-26 - -19) + 97 + 10
95
Evaluate -191 + 377 + -162 - (1 - 1).
24
(-67 - (129 - 188)) + (-3 - -1) + 1 + 5
-4
What is the value of -17 + -29 + (12 - -14 - 42)?
-62
Evaluate (-42 + 38 - 11) + 11.
-4
What is the value of -28 + (10 - -1 - (22 + -17 + -2) - 16)?
-36
What is the value of 56 - (53 + -44 + 18 - 26)?
55
Calculate (1 - 24) + -198 + 50 + 119.
-52
What is (-138 - 2) + -143 + 158 + (13 - 35)?
-147
-275 - -203 - ((3 - 9) + -6 + 11)
-71
Calculate -10 + (-3 - (-6 - 5)) + 0 + -12 + -21.
-35
-12 - (1 + -36 + 30)
-7
Calculate 44 + -10 + (8 - (205 + -201 - (-1 - -1))).
38
Evaluate (156 - 133) + 84 + (-25 - -12) + 9.
103
Evaluate -9 + 15 - (2 + -13 + (14 - (24 - 29))).
-2
Calculate (-83 - -51 - (4 + -4)) + -22.
-54
Calculate 514 + -568 + (40 - 0).
-14
Calculate (-2 + 5 + -5 - -16) + 83 + -72.
25
Evaluate 88 + -117 + (-20 - -6).
-43
(-39 + 42 - -14) + -33 - (2 + 31)
-49
What is 125 + -10 - ((-1 - -10) + -327 + 330)?
103
What is -1 + 9 + -6 + (-1 - -7) + -15 - -42?
35
-29 + 7 + -2 + -190 + 139
-75
What is -3 - (-11 + (-24 - 22))?
54
Calculate (-67 - (12 - 4)) + 6 + 16.
-53
Evaluate -13 + -6 + 99 + -8 + 7 + (8 - 10).
77
What is the value of 16 + (-89 + 13 - -21)?
-39
Evaluate 2 - (-2 + 1) - ((44 - 66) + 53).
-28
Calculate -26 - (2 + -33) - (-54 - -4).
55
(43 - 42) + 19 + (-11 - -16)
25
4 - (-10 + (0 - 0) - (40 + (1 - -4)))
59
What is the value of 21 + 2 - ((10 - -37) + -22)?
-2
What is -2 - (17 + 9 - 6 - 9)?
-13
What is the value of (5 - 0) + (-2 - -2 - (174 - (-32 - -77)))?
-124
What is 0 + 78 + (364 - 363) - (-39 + 22)?
96
Evaluate -99 - (22 + -14 + -118).
11
33 + -3 + (-131 - -62) + 96
57
67 + (-2 - 0) - ((8 - -12) + -13 + -3)
61
What is the value of (-39 - -45) + -46 - -63?
23
(-21 - (-2 - 2)) + -304 + 316
-5
(-308 - -262) + 2 + -1
-45
What is the value of -1 + 122 + ((16 - 178) + 121 - (0 + -27))?
107
What is the value of 3 + -5 - (-3 - 5 - (-2 + -20) - 34)?
18
Evaluate -14 - -1 - (-242 + 225 + 43 + -2 + -11).
-26
Evaluate (-187 - -787) + -526 + (0 + 0 - (-8 + 1)).
81
Evaluate (6 - (-23 - (-34 + -6))) + 10.
-1
Evaluate (-21 - ((13 - 9) + -22 + -16)) + -20.
-7
What is 36 - (55 - -26) - -21?
-24
What is the value of 51 + -18 + -30 - (0 - (-6 - 4))?
-7
(-17 - 0 - (-17 - -48 - 31)) + -19
-36
What is the value of 12 + -36 - (-249 + 261)?
-36
What is 9 + 49 - 1 - 51?
6
What is the value of -74 + -45 + (121 - 109)?
-107
10 - (12 - 17) - (10 + (-8 - -6) + -1)
8
Evaluate -43 + -52 + -65 + 180.
20
-87 + (57 - 26) - -70
14
What is the value of (118 - 64) + 9 + -62?
1
Calculate (-15 - (0 + -15 - (92 + -88))) + (0 - -26).
30
What is th